2/3)/(f/18). What is the units digit of k(g)?
5
What is the tens digit of 27/(-9)*(-14)/3?
1
Let s be 2 + -3 + (-1 - -7). Suppose 0 = -4*r + 4*u + 20, -u - s = -2*r + 1. Suppose r - 9 = -f. What is the units digit of f?
8
Suppose q - 7*m - 2 = -2*m, 2*q - 4*m - 4 = 0. Let h(z) = -z**3 - 7*z**2 + 3. Let y be h(-7). What is the units digit of y/q + 3/6?
2
Let o(j) = j**2 - j - 33. Let b be o(0). Let w = 56 + b. What is the tens digit of w?
2
What is the units digit of 8*6 - ((-4 - 3) + 6)?
9
Suppose -3*g + 187 + 121 = -4*l, 0 = 2*g - 4*l - 212. What is the tens digit of g?
9
What is the units digit of 4/(-2) + (-2 - -6)?
2
Suppose 91 = 8*g - 7*g. What is the units digit of g?
1
Suppose 4*w - 4 = 20. Suppose j - w = 4*s, 3*j + s - 9 = -2*j. Suppose -j*d + 5*d - 24 = 0. What is the units digit of d?
8
Suppose 2*i - 2*w - 1 = -3*i, -4*i + 5*w = -11. Let o(s) = -2*s + 1. What is the units digit of o(i)?
3
Let k = 6 - 1. What is the units digit of k?
5
Suppose 7 = -5*i + 22. Suppose -3*v - 3 = -5*w, -2*w - 3 = 3*w + i*v. What is the units digit of w/(-2) + (-12)/(-2)?
6
Suppose 3*w + 10 = -2*w. Let f = 3 + w. What is the units digit of f?
1
What is the hundreds digit of ((-202)/(-7))/((-2)/(-14))?
2
Let r = 6 - 1. Suppose -5 = -z, -5*z = r*d - 63 - 42. What is the tens digit of d?
1
Suppose 3*g - 55 = 8. What is the tens digit of g?
2
Let d = -43 + 88. What is the units digit of d?
5
Suppose z = -1 + 5. Suppose -2*f - z = -4*f. Suppose -f*y = -7*y + 60. What is the units digit of y?
2
Suppose -2*q = -q. Suppose q = -0*g + 5*g - 145. What is the units digit of g?
9
Suppose -2*f - 2*f - 52 = 0. Let c = 25 + f. What is the units digit of c?
2
Suppose 0 = -2*o + b + 201, 0 = -4*b - b + 5. What is the units digit of o?
1
Let g(f) = f**3 + 8*f**2 - 2*f - 12. Let h be g(-8). Let y be (2 - 1)*(4 - h). Suppose y = 2*b - 2 - 20. What is the units digit of b?
1
What is the units digit of (0 + -1)/(2/(-26))?
3
Let n(t) = -24*t**3 + 2*t**2 + 4*t. What is the tens digit of n(-2)?
9
Let n(l) = -5*l - 12. What is the tens digit of n(-6)?
1
Let g be (-1)/(-4) - 1/4. Suppose g = 4*o + 1 - 9. Suppose 3*n - 14 = -j, -o*j + 9 + 8 = -5*n. What is the units digit of j?
1
Let c be (-3 + 1)*(-5 - -1). Suppose -4*s - 2*x = -c, 2*s = 7*s + 5*x - 15. What is the units digit of -2*(s + 21/(-6))?
5
Suppose -845 = -4*d - 201. What is the hundreds digit of d?
1
Let f = -4 + 8. Suppose -23 = -k - 9*i + 4*i, 4 = -f*k + 4*i. What is the units digit of k?
3
Let a = 96 + -139. Let c = 3 - a. What is the tens digit of c?
4
Let v(u) = -u**2 + 8*u + 17. What is the units digit of v(9)?
8
Let n(s) = s**3 - 5*s**2 - 6*s + 6. Let g be -3 - -14 - 4/2. Suppose -3*p + 47 = -5*d + g, 3*p = 4*d + 34. What is the units digit of n(p)?
6
Suppose 0 = 2*c - c - 53. What is the units digit of c?
3
Let d(y) be the second derivative of y**4/3 - y**3/3 - 15*y. Let x(g) = -g - 3. Let i be x(-5). What is the units digit of d(i)?
2
What is the units digit of 3 - (5 + (-12)/3)?
2
Let k be (-21)/(-14)*(2 - -10). Let t = k - 6. What is the units digit of t?
2
Let u(t) = -t**3 + 5*t**2 - 2*t + 4. Let k be u(5). What is the units digit of (52/(-12))/(2/k)?
3
Suppose -c + 9 = -0. Let k = -6 + c. Suppose -k = 3*v - 4*n + n, -7 = 4*v - 5*n. What is the units digit of v?
2
Let v = -16 - -24. Let p = v + -4. Suppose 5 = p*y - 11. What is the units digit of y?
4
Let v(o) = -o**2 + 11*o + 3. Let k be v(11). Suppose -a = -n - 4, k*a + 4*n - 27 = 2*n. What is the units digit of a?
7
What is the units digit of 3*(16/3 - -1)?
9
Suppose 0 = 6*m - 2*m - 280. What is the units digit of m?
0
Let q be (0 - 12)/((-4)/6). Let o = q + -6. What is the units digit of o?
2
Let t = 93 - -5. What is the tens digit of t?
9
Let m be (-570)/(-36) + (-3)/(-18). Suppose 0*i - m = -2*i. What is the units digit of i?
8
Let u(v) = 3*v**3 - 21*v**2 + 17*v + 27. Let k(t) = -2*t**3 + 11*t**2 - 8*t - 14. Let s(m) = -5*k(m) - 3*u(m). What is the units digit of s(-9)?
7
Let y be 1 + -2 + (4 - -2). Let b(n) = -n**2 - n + 3. Let l be b(0). Suppose -27 - l = -y*m. What is the units digit of m?
6
Suppose 19*n = 15*n + 408. What is the tens digit of n?
0
Let q(a) = -a + 5. Let n(l) = -2*l + 14. Let y(m) = 3*n(m) - 8*q(m). Let c be y(-6). Let g = -4 - c. What is the units digit of g?
6
Suppose -2*b + 275 = 4*u - b, -2*u = -3*b - 141. What is the units digit of u?
9
Let j(m) = 4*m + 6*m - 5*m - 3 + 7. Let v be j(3). Suppose -5*p + v = -41. What is the tens digit of p?
1
Let s = 10 + 42. What is the tens digit of s?
5
Let a = 9 - 9. Suppose -h - 2*h + 12 = a. Suppose 0*q + 3*q + l = 12, l - 15 = -h*q. What is the units digit of q?
3
Let a(b) = 10*b**2 - 10*b + 7. What is the hundreds digit of a(5)?
2
Let i(u) = 34*u - 37. What is the units digit of i(5)?
3
Suppose 3*o - 2*o = 5. Suppose -o*u = 54 - 154. What is the units digit of u?
0
Let g = -20 - -9. Let c = 4 - g. What is the tens digit of c?
1
Suppose 0*a = 2*a - 16. What is the units digit of a?
8
Let j = 5 + -5. Suppose -4*o - 8 + 24 = j. Suppose -4*x + 20 = o. What is the units digit of x?
4
Suppose -4*o - 5*k = -49, 5*o = -3*k - k + 50. Suppose o + 14 = -5*i. What is the units digit of (26/i - -2)*-2?
9
Let z(b) = -b**3 - 4*b**2 - 3*b - 2. Let c be z(-4). Suppose 0 = -2*j - 4 + c. What is the units digit of j?
3
Suppose -3*a + 873 + 492 = 0. Suppose -260 = -4*r - 3*b + 103, 0 = -5*r - 5*b + a. Suppose r = 2*w + 2*w - 5*o, 84 = 4*w - 2*o. What is the units digit of w?
0
Suppose 65 = 5*b - 35. Suppose -o - o = -b. Let f = o - 1. What is the units digit of f?
9
Let d be 6/(-9)*9/(-2). Suppose -d*y + 2*a + 33 = 0, -3*y = a - 4*a - 36. What is the units digit of y?
9
Let a(l) = 6*l**3 + 7*l**2 + l - 4. Let t(u) = -5*u**3 - 6*u**2 + 3. Let q(m) = -3*a(m) - 4*t(m). What is the tens digit of q(2)?
2
Let l(f) = -f**2 - 7 - 2*f - 7*f + 2*f. Let n be l(-5). Suppose 0*g + x = 3*g - 55, -39 = -3*g - n*x. What is the units digit of g?
7
Suppose 2*q + 10 = 3*z - 6, 2*z - 3*q = 4. Suppose 0 = 5*b + 3*m - 14, z = -5*b + 2*m + 32. What is the units digit of b?
4
Suppose -4*m = -3*t + 38, 27 = 2*t - m - 2*m. Let o(q) = -q**2 + 9*q - 10. What is the units digit of o(t)?
8
Let s(l) = l. Let i(n) = n**2 - 4*n - 1. Let g = 1 + 0. Let a(m) = g*i(m) + 6*s(m). What is the units digit of a(-3)?
2
Let o be -3 - -6 - 1/1. Let n(j) = j**3 - 3*j + 2. What is the units digit of n(o)?
4
Suppose 0 = 116*x - 121*x + 1565. What is the tens digit of x?
1
Let f(d) = d**2 - 5*d - 9. Let m(g) = 2*g - 5*g**2 + 1 - g**2 - g**3 + 3*g**2 - 2. Let y be m(-4). What is the units digit of f(y)?
5
Let j(c) = -7*c + 2. Let a(m) be the third derivative of 7*m**4/12 - m**3/2 + 3*m**2. Let d(g) = -3*a(g) - 5*j(g). What is the units digit of d(-2)?
3
Let h = -10 + 14. What is the units digit of h?
4
Let n(m) = 2*m**2 + m + 1. Let p be n(-1). Suppose a = p*a - 4. Suppose 0 = -5*g + a*g + 1. What is the units digit of g?
1
Let x be -1 + 1*(-33)/(-1). Suppose p = -p + x. What is the tens digit of p?
1
Let h be (-3)/((-2)/(-2)*-1). Let y = 15 + -15. Suppose h*w - 3 = -p + 6, y = 5*w - 3*p - 1. What is the units digit of w?
2
Let c(j) = j**2 + 5*j + 1. Let h be c(-5). Let m = h - -3. What is the units digit of m?
4
Let t(r) = -r**2 - 8*r + 4. Suppose 0 = -6*g + 2*g + 8, -5*d + 4*g - 43 = 0. What is the units digit of t(d)?
1
Let x = -5 - -5. Suppose x*d + 40 = 4*d. What is the tens digit of d?
1
Suppose -4*j = -60 - 12. Suppose 2*f - 10 = j. What is the tens digit of f?
1
Let d = -302 + 463. What is the hundreds digit of d?
1
Suppose b = -4*h + 2 + 16, -b = 5*h - 20. What is the units digit of (3*2)/(b/85)?
1
What is the tens digit of -23*1*(-4 - -2)?
4
Let f be 118/6 - (-4)/(-6). Suppose -3*v = 0, -o + 2*v + 55 = 4*o. Let z = f - o. What is the units digit of z?
8
What is the units digit of (-51)/(-15) + (-6)/15?
3
Suppose 0 = -h + 6*h - 125. What is the units digit of h?
5
Suppose 2*x - 15 = -3*x. Suppose -d = -2*g + 18 - 6, x*g - 18 = -d. What is the units digit of g?
6
Suppose 5*k - 5 = -0*k. Let c = k + 8. Suppose -4*t + c + 47 = -4*w, 0 = 2*t + w - 43. What is the units digit of t?
9
Suppose -7*b + 245 = -70. What is the tens digit of b?
4
Let k = -5 + 10. Let b(r) = -3*r**2 - 4*r + 0*r + r**3 - r**2. What is the units digit of b(k)?
5
Let l = -2 -